{"id":8,"date":"2015-03-02T13:03:03","date_gmt":"2015-03-02T11:03:03","guid":{"rendered":"http:\/\/elth.ucv.ro\/fisiere\/anale\/?page_id=8"},"modified":"2026-04-08T10:28:39","modified_gmt":"2026-04-08T07:28:39","slug":"acasa","status":"publish","type":"page","link":"https:\/\/elth.ucv.ro\/fisiere\/anale\/","title":{"rendered":"Home"},"content":{"rendered":"<h6 align=\"center\"><strong>ISSN 1842-4805 (print)<\/strong><br \/>\n<strong>ISSN 2971-9852 (online)<\/strong><br \/>\n<strong>ISSN-L 1842-4805<\/strong><\/h6>\n<h6 align=\"center\"><a href=\"https:\/\/journals.indexcopernicus.com\/search\/details?id=769\">Index Copernicus Journal<\/a><\/h6>\n<div align=\"center\">Frequency : 1 issue per year<\/div>\n<h2 align=\"center\"><span style=\"color: #000000; font-family: Verdana, Arial, Helvetica, sans-serif; font-size: medium;\"><a href=\"http:\/\/elth.ucv.ro\/fisiere\/anale\/wp-content\/uploads\/2015\/03\/coperta.jpg\"><img loading=\"lazy\" decoding=\"async\" class=\" size-full wp-image-152 aligncenter\" src=\"http:\/\/elth.ucv.ro\/fisiere\/anale\/wp-content\/uploads\/2015\/03\/coperta.jpg\" alt=\"coperta\" width=\"139\" height=\"205\" \/><\/a><\/span><\/h2>\n<h5 style=\"text-align: center;\" align=\"center\">Editorial board<\/h5>\n<p><strong>Prof.dr.ing. Ioan POPA, Universitatea din Craiova, Romania<\/strong><strong><br \/>\nProf.dr.ing. Dan MIHAI, Universitatea din Craiova, Romania<br \/>\nProf.dr.ing. Marian CIONTU, Universitatea din Craiova, Romania<br \/>\nProf.dr.ing. Lucian MANDACHE, Universitatea din Craiova, Romania<br \/>\nConf.dr.ing. Mircea DRIGHICIU, Universitatea din Craiova, Romania<\/strong><br \/>\n<strong>S.l.dr.ing Ioana Gabriela SIRBU, Universitatea din Craiova, Romania<br \/>\nProf.dr.sc. Ivan YATCHEV, Universitatea tehnica din Sofia, Bulgaria<\/strong><br \/>\n<strong>Prof.dr.ing.Leszek CZARNECKI-Life Fellow IEEE, Louisiana State University, USA<br \/>\nProf.dr.ing. Slavoljub ALEKSIC, Universitatea din Nic, Serbia<br \/>\nProf.dr.ing. Sergey RYVKIN, Institutul Stintelor de control, V.I.Trapeznikov , Russia<br \/>\nProf.dring. Mihai IORDACHE, Universitatea Politehnica Bucuresti, Romania<\/strong><br \/>\n<strong>Prof.dring. Dan FLORICAU, Universitatea Politehnica Bucuresti, Romania<\/strong><br \/>\n<strong>Prof.dring. Gheorghe LIVINT, Universitatea Tehnica Gh. Asachi, Iasi, Romania<\/strong><br \/>\n<strong>Prof.dring. Constantin SARMASANU, Universitatea Tehnica Gh. Asachi, Iasi, Romania<br \/>\nProf.dr.ing. Victor SONTEA, Universitatea Tehnica a Moldovei, Moldova<br \/>\nProf.dr.ing. Iuliu DELESEGA, Universitatea Politehnica din Timisoara, Romania<br \/>\nProf.dr.ing. Dumitru-Marcel ISTRATE, Universitatea Tehnica&#8221;Gh. Asachi&#8221;, \u00a0Iasi, Romania<\/strong><br \/>\n<strong>Prof.dr.ing. Miroslav PRSA, Universitatea din Novisad, Serbia<br \/>\nProf.dr.ing. Maria BROJBOIU, Universitatea din Craiova, Romania<\/strong><br \/>\n<strong>Prof.dr.ing. Mihai GAVRILAS, Universitatea Tehnica Gh.Asachi, Iasi, Romania<\/strong><br \/>\n<strong>Prof.dr.ing. Camelia PETRESCU, Universitatea Tehnica Gh. Asachi, Iasi, Romania<\/strong><br \/>\n<strong>Prof.dr.ing. Daniela DANCIU, Universitatea din Craiova, Romania<br \/>\nProf.dr.ing. Nicolae MUNTEAN, Universitatea Politehnica Timisoara, Romania<br \/>\nProf.dr.ing. Calin MUNTEANU, Universitatea Tehnica Cluj-Napoca, Romania<\/strong><br \/>\n<strong>Conf.dr.ing. Cristian Daniel CISMARU, Universitatea din Craiova, Romania<\/strong><br \/>\n<strong>S.l.dr.ing Alin Iulian DOLAN, Universitatea din Craiova, Romania<\/strong><\/p>\n<p style=\"text-align: center;\"><b>Reviewers Committee<\/b><\/p>\n<p style=\"text-align: center;\">Lia-Elena ACIU \u2013 <em>Transilvania University of Bra\u015fov, <\/em>Romania<\/p>\n<p style=\"text-align: center;\">Maricel ADAM \u2013 <em>&#8220;Gh. Asachi&#8221; Technical University of Ia\u015fi, <\/em>Romania<\/p>\n<p style=\"text-align: center;\">Mihaela ALBU \u2013 <em>University \u201cPolitehnica\u201d of Bucharest, <\/em>Romania<\/p>\n<p style=\"text-align: center;\">Slavoljub ALEKSIC \u2013 <em>University of Nis, <\/em>Serbia<\/p>\n<p style=\"text-align: center;\">Horia B\u0102LAN \u2013 <em>Technical University of Cluj-Napoca, <\/em>Romania<\/p>\n<p style=\"text-align: center;\">Alexandru BITOLEANU \u2013 <em>University of Craiova, Romania<\/em><\/p>\n<p style=\"text-align: center;\">Maria BROJBOIU \u2013 <em>University of Craiova, <\/em>Romania<\/p>\n<p style=\"text-align: center;\">Emil CAZACU \u2013 <em>University \u201cPolitehnica\u201d of Bucharest, <\/em>Romania<\/p>\n<p style=\"text-align: center;\">Aurel C\u00c2MPEANU \u2013 <em>University of Craiova, <\/em>Romania<\/p>\n<p style=\"text-align: center;\">Mihai CERNAT \u2013 <em>Transilvania University of Bra\u015fov, <\/em>Romania<\/p>\n<p style=\"text-align: center;\">Marian CIONTU \u2013 <em>University of Craiova, <\/em>Romania<\/p>\n<p style=\"text-align: center;\">Daniel Cristian CISMARU \u2013 <em>University of Craiova, <\/em>Romania<\/p>\n<p style=\"text-align: center;\">Grigore CIVIDJIAN \u2013 <em>University of Craiova, <\/em>Romania<\/p>\n<p style=\"text-align: center;\">Zlata CVETCOVIC \u2013 <em>University of Nis, <\/em>Serbia<\/p>\n<p style=\"text-align: center;\"><strong>Leszek CZARNECKI \u2013 <em>Louisiana State University<\/em>, USA<\/strong><\/p>\n<p style=\"text-align: center;\">Cristinel Radu DACHE \u2013 <em>&#8220;Dun\u0103rea de Jos&#8221; University of Gala\u021b<\/em>i, Romania<\/p>\n<p style=\"text-align: center;\">Daniela DANCIU \u2013 <em>University of Craiova, <\/em>Romania<\/p>\n<p style=\"text-align: center;\">Sonia DEGERATU \u2013 <em>University of Craiova, <\/em>Romania<\/p>\n<p style=\"text-align: center;\">Iuliu DELE\u015eEGA \u2013 <em>University \u201cPolitehnica\u201d of Timi\u015foara, <\/em>Romania<\/p>\n<p style=\"text-align: center;\">Silvia-Maria DIG\u0102 \u2013 <em>University of Craiova, <\/em>Romania<\/p>\n<p style=\"text-align: center;\">Peter DINEFF \u2013 <em>Technical University of Sofia, <\/em>Bulgaria<\/p>\n<p style=\"text-align: center;\">Radu DOBRESCU \u2013 <em>University \u201cPolitehnica\u201d of Bucharest, <\/em>Romania<\/p>\n<p style=\"text-align: center;\">Alin Iulian DOLAN \u2013 <em>University of Craiova<\/em>, Romania<\/p>\n<p style=\"text-align: center;\">Mircea-Adrian DRIGHICIU \u2013 <em>University of Craiova, <\/em>Romania<\/p>\n<p style=\"text-align: center;\">Laurentiu Marius DUMITRAN \u2013 <em>University \u201cPolitehnica\u201d of Bucharest, <\/em>Romania<\/p>\n<p style=\"text-align: center;\">Sorin ENACHE \u2013 <em>University of Craiova, <\/em>Romania<\/p>\n<p style=\"text-align: center;\">Virgiliu FIRETEANU \u2013 <em>University \u201cPolitehnica\u201d of Bucharest, <\/em>Romania<\/p>\n<p style=\"text-align: center;\">Dan FLORIC\u0102U \u2013 <em>University \u201cPolitehnica\u201d of Bucharest, <\/em>Romania<\/p>\n<p style=\"text-align: center;\">Cristian FO\u015eAL\u0102U \u2013 <em>&#8220;Gh. Asachi&#8221; Technical University of Ia\u015fi<\/em>, Romania<\/p>\n<p style=\"text-align: center;\">Teodor Lucian GRIGORIE \u2013 <em>Military Technical Academy &#8221;Ferdinand I&#8221;, <\/em>Romania<\/p>\n<p style=\"text-align: center;\">Stefan H\u0102R\u0102GU\u015e \u2013 <em>University \u201cPolitehnica\u201d of Timi\u015foara, <\/em>Romania<\/p>\n<p style=\"text-align: center;\">Elena HELEREA \u2013 <em>Transilvania University of Bra\u015fov, <\/em>Romania<\/p>\n<p style=\"text-align: center;\">Eugen HNATIUC \u2013 <em>&#8220;Gh. Asachi&#8221; Technical University of Ia\u015fi, <\/em>Romania<\/p>\n<p style=\"text-align: center;\">Kemal HOT \u2013 <em>Polytechnic of Zagreb, <\/em>Croa\u0163ia<\/p>\n<p style=\"text-align: center;\">Eugen IANCU \u2013 <em>University of Craiova, <\/em>Romania<\/p>\n<p style=\"text-align: center;\">Nathan IDA \u2013 <em>University of Akron, <\/em>USA<\/p>\n<p style=\"text-align: center;\">Maria IOANNIDES \u2013 <em>National Technical University of Athens, <\/em>Greece<\/p>\n<p style=\"text-align: center;\">Valentin IONI\u0162\u0102 \u2013 <em>University \u201cPolitehnica\u201d of Bucharest, <\/em>Romania<\/p>\n<p style=\"text-align: center;\">Mihai IORDACHE \u2013 <em>University \u201cPolitehnica\u201d of Bucharest, <\/em>Romania<\/p>\n<p style=\"text-align: center;\">Marcel ISTRATE \u2013 <em>&#8220;Gh. Asachi&#8221; Technical University of Ia\u015fi<\/em>, Romania<\/p>\n<p style=\"text-align: center;\">Wilhelm KAPPEL \u2013 <em>National Research and Development Institute for Electrical Engineering (ICPE \u2013 CA) Bucharest, <\/em>Romania<\/p>\n<p style=\"text-align: center;\">Liviu Kreindler \u2013 <em>University \u201cPolitehnica\u201d of Bucharest, <\/em>Romania<\/p>\n<p style=\"text-align: center;\">Gheorghe Livin\u0162 \u2013 <em>&#8220;Gh. Asachi&#8221; Technical University of Ia\u015fi<\/em>, Romania<\/p>\n<p style=\"text-align: center;\">Dumitru Dorin LUCACHE \u2013 <em>&#8220;Gh. Asachi&#8221; Technical University of Ia\u015fi<\/em>, Romania<\/p>\n<p style=\"text-align: center;\">Lucian MANDACHE \u2013 <em>University of Craiova, <\/em>Romania<\/p>\n<p style=\"text-align: center;\">Gheorghe MANOLEA \u2013 <em>University of Craiova, <\/em>Romania<\/p>\n<p style=\"text-align: center;\">Andrei MARINESCU \u2013 <em>Romanian Academy of Technical Science, Craiova Branch, <\/em>Romania<\/p>\n<p style=\"text-align: center;\">Iliana MARINOVA \u2013 <em>Technical University of Sofia, <\/em>Bulgaria<\/p>\n<p style=\"text-align: center;\">Claudia MARTI\u015e \u2013 <em>Technical University of Cluj-Napoca, <\/em>Romania<\/p>\n<p style=\"text-align: center;\">Ernest MATAGNE \u2013 <em>Universit\u00e9 Catholique de Louvain, <\/em>Belgium<\/p>\n<p style=\"text-align: center;\">Leonardo-Geo M\u0102NESCU \u2013 <em>University of Craiova, <\/em>Romania<\/p>\n<p style=\"text-align: center;\">Dan MIHAI \u2013 <em>University of Craiova, <\/em>Romania<\/p>\n<p style=\"text-align: center;\">Alexandru MOREGA \u2013 <em>University \u201cPolitehnica\u201d of Bucharest, <\/em>Romania<\/p>\n<p style=\"text-align: center;\">Mihaela MOREGA \u2013 <em>University \u201cPolitehnica\u201d of Bucharest, <\/em>Romania<\/p>\n<p style=\"text-align: center;\">Nazih MOUBAYED \u2013 <em>Lebanese University, <\/em>Lebanon<\/p>\n<p style=\"text-align: center;\">C\u0103lin MUNTEANU \u2013 <em>Technical University of Cluj-Napoca, <\/em>Romania<\/p>\n<p style=\"text-align: center;\">Florin MUNTEANU \u2013 <em>&#8220;Gh. Asachi&#8221; Technical University of Ia\u015fi, <\/em>Romania<\/p>\n<p style=\"text-align: center;\">Valentin N\u0102VR\u0102PESCU \u2013 <em>University \u201cPolitehnica\u201d of Bucharest, <\/em>Romania<\/p>\n<p style=\"text-align: center;\">Mitic\u0103 Iustinian NEAC\u0102 \u2013 <em>University of Craiova, <\/em>Romania<\/p>\n<p style=\"text-align: center;\">Petre-Marian NICOLAE \u2013 <em>University of Craiova, <\/em>Romania<\/p>\n<p style=\"text-align: center;\">Drago\u015f NICULAE \u2013 <em>University \u201cPolitehnica\u201d of Bucharest, <\/em>Romania<\/p>\n<p style=\"text-align: center;\">Petru NOTINGHER \u2013 <em>University \u201cPolitehnica\u201d of Bucharest, <\/em>Romania<\/p>\n<p style=\"text-align: center;\">Teodor PAN\u0102 \u2013 <em>Technical University of Cluj-Napoca, <\/em>Romania<\/p>\n<p style=\"text-align: center;\">Camelia PETRESCU \u2013 <em>&#8220;Gh. Asachi&#8221; Technical University of Ia\u015fi<\/em>, Romania<\/p>\n<p style=\"text-align: center;\">Ioan POPA \u2013 <em>University of Craiova, <\/em>Romania<\/p>\n<p style=\"text-align: center;\">Dan POPESCU \u2013 <em>University of Craiova, <\/em>Romania<\/p>\n<p style=\"text-align: center;\">Daniela POPESCU \u2013 <em>University of Craiova, <\/em>Romania<\/p>\n<p style=\"text-align: center;\">Mihaela POPESCU \u2013 <em>University of Craiova, <\/em>Romania<\/p>\n<p style=\"text-align: center;\">Miroslav PRSA \u2013 <em>University of Novi-Sad, <\/em>Serbia<\/p>\n<p style=\"text-align: center;\">Mircea M. R\u0102DULESCU \u2013 <em>Technical University of Cluj Napoca, <\/em>Romania<\/p>\n<p style=\"text-align: center;\">Victori\u0163a R\u0102DULESCU \u2013 <em>University \u201cPolitehnica\u201d of Bucharest, <\/em>Romania<\/p>\n<p style=\"text-align: center;\">Benoit ROBYNS \u2013 <em>Ecole des Hautes Etude d\u2019Ing\u00e9nieur de Lille, <\/em>France<\/p>\n<p style=\"text-align: center;\">Constantin ROTARU \u2013 <em>Military Technical Academy &#8221;Ferdinand I&#8221;, <\/em>Romania<\/p>\n<p style=\"text-align: center;\">Alexandru S\u0102LCEANU \u2013 <em>&#8220;Gh. Asachi&#8221; Technical University of Ia\u015fi<\/em>, Romania<\/p>\n<p style=\"text-align: center;\">Cristina Gabriela S\u0102R\u0102CIN \u2013 <em>University \u201cPolitehnica\u201d of Bucharest, <\/em>Romania<\/p>\n<p style=\"text-align: center;\">Constantin S\u0102RMA\u015eANU-CHIHAI\u2013 <em>&#8220;Gh. Asachi&#8221; Technical University of Ia\u015fi, <\/em>Romania<\/p>\n<p style=\"text-align: center;\">Dan SELI\u015eTEANU \u2013 <em>University of Craiova, <\/em>Romania<\/p>\n<p style=\"text-align: center;\">Ioana Gabriela S\u00ceRBU \u2013 <em>University of Craiova<\/em>, Romania<\/p>\n<p style=\"text-align: center;\">Victor \u015eONTEA \u2013 <em>Technical University of Moldova, <\/em>Moldova<\/p>\n<p style=\"text-align: center;\">Alexandru STANCU \u2013 <em>&#8220;A.I. Cuza&#8221; University of Ia\u015fi, <\/em>Romania<\/p>\n<p style=\"text-align: center;\">Ryszard STRZELECKI \u2013 <em>University of Technology Gdansk, <\/em>Poland<\/p>\n<p style=\"text-align: center;\">Flavius-Dan \u015eURIANU \u2013 <em>University \u201cPolitehnica\u201d of Timi\u015foara, <\/em>Romania<\/p>\n<p style=\"text-align: center;\">Radu-Adrian T\u00ceRNOVAN \u2013 <em>Technical University of Cluj-Napoca, <\/em>Romania<\/p>\n<p style=\"text-align: center;\">Tiberiu TUDORACHE \u2013 <em>University \u201cPolitehnica\u201d of Bucharest, <\/em>Romania<\/p>\n<p style=\"text-align: center;\">Raina TZENEVA \u2013 <em>Technical University of Sofia<\/em>, Bulgaria<\/p>\n<p style=\"text-align: center;\">Ioan VADAN \u2013 <em>Technical University of Cluj-Napoca<\/em>, Romania<\/p>\n<p style=\"text-align: center;\">Viorel VARVARA \u2013 <em>&#8220;Gh. Asachi&#8221; Technical University of Ia\u015fi<\/em>, Romania<\/p>\n<p style=\"text-align: center;\">Ion VLAD \u2013 <em>University of Craiova<\/em>, Romania<\/p>\n<p style=\"text-align: center;\">Ion VONCIL<span lang=\"RO\">\u0102 <\/span>\u2013 <i>&#8220;Dun\u0103rea de Jos&#8221; <\/i>\u00a0<i>University of Gala\u021bi, Romania<\/i><\/p>\n<p style=\"text-align: center;\">Ivan YATCHEV \u2013 <em>Technical University of Sofia<\/em>, Bulgaria<\/p>\n<p style=\"text-align: center;\"><span style=\"font-family: Verdana, Arial, Helvetica, sans-serif; font-size: small;\"><a href=\"http:\/\/journals.indexcopernicus.com\/ANALELE+UNIVERSITATII+DIN+CRAIOVA+-+Seria+Inginerie+electrica,p2823,3.html\" target=\"_blank\" rel=\"noopener\">Indexari BDI<\/a><\/span><\/p>\n<h1 style=\"text-align: center;\"><a href=\"http:\/\/elth.ucv.ro\/fisiere\/anale\/wp-content\/uploads\/2015\/03\/Evaluation-procedure.pdf\" target=\"_blank\" rel=\"noopener\">Description of review process<\/a><\/h1>\n<h4 style=\"text-align: center;\">&#8212;&#8211;&gt;<span style=\"font-size: small;\"><img decoding=\"async\" src=\"http:\/\/elth.ucv.ro\/fisiere\/anale\/wp-content\/uploads\/2017\/09\/26113.gif\" alt=\"Gifs\" align=\"absmiddle\" border=\"0\" \/>Instructions for Authors<\/span>&lt;&#8212;&#8211;<\/h4>\n<p style=\"text-align: center;\"><a href=\"https:\/\/elth.ucv.ro\/fisiere\/anale\/wp-content\/uploads\/2026\/04\/Annals-University-of-Craiova-EE-template-2026.doc\" target=\"_blank\" rel=\"noopener\">Word<\/a> and <a href=\"http:\/\/elth.ucv.ro\/fisiere\/anale\/wp-content\/uploads\/2026\/04\/Annals-University-of-Craiova-EE-template-2026.pdf\" target=\"_blank\" rel=\"noopener\">PDF<\/a><\/p>\n<p style=\"text-align: center;\">Address for correspondence:<\/p>\n<p style=\"text-align: center;\">Secretariat E-mail: <a href=\"mailto:aucv-ee@elth.ucv.ro\">aucv-ee@elth.ucv.ro<\/a><\/p>\n<p style=\"text-align: center;\">Prof.dr.ing. <b>Ioan POPA<\/b> E-mail: <a href=\"mailto:ipopa@elth.ucv.ro\">ipopa@elth.ucv.ro<\/a> sau<\/p>\n<p style=\"text-align: center;\">Conf.dr.ing. Adrian<b>\u00a0DRIGHICIU<\/b>\u00a0<span style=\"font-family: Verdana, Arial, Helvetica, sans-serif; font-size: small;\"><b><\/b>E-mail: adrighiciu@gmail.com<\/span><\/p>\n<p style=\"text-align: center;\">Facultatea de Inginerie electrica, B-dul Decebal, nr. 107, 200440, Craiova (ROU), Romania<\/p>\n","protected":false},"excerpt":{"rendered":"<p>ISSN 1842-4805 (print) ISSN 2971-9852 (online) ISSN-L 1842-4805 Index Copernicus Journal Frequency : 1 issue per year Editorial board Prof.dr.ing. Ioan POPA, Universitatea din Craiova, Romania Prof.dr.ing. Dan MIHAI, Universitatea din Craiova, Romania Prof.dr.ing. Marian CIONTU, Universitatea din Craiova, Romania Prof.dr.ing. Lucian MANDACHE, Universitatea din Craiova, Romania Conf.dr.ing. Mircea DRIGHICIU, Universitatea din Craiova, Romania S.l.dr.ing &hellip; <a href=\"https:\/\/elth.ucv.ro\/fisiere\/anale\/\" class=\"more-link\">Continue reading <span class=\"screen-reader-text\">Home<\/span> <span class=\"meta-nav\">&rarr;<\/span><\/a><\/p>\n","protected":false},"author":1,"featured_media":0,"parent":0,"menu_order":0,"comment_status":"closed","ping_status":"closed","template":"","meta":{"footnotes":""},"class_list":["post-8","page","type-page","status-publish","hentry"],"_links":{"self":[{"href":"https:\/\/elth.ucv.ro\/fisiere\/anale\/index.php?rest_route=\/wp\/v2\/pages\/8","targetHints":{"allow":["GET"]}}],"collection":[{"href":"https:\/\/elth.ucv.ro\/fisiere\/anale\/index.php?rest_route=\/wp\/v2\/pages"}],"about":[{"href":"https:\/\/elth.ucv.ro\/fisiere\/anale\/index.php?rest_route=\/wp\/v2\/types\/page"}],"author":[{"embeddable":true,"href":"https:\/\/elth.ucv.ro\/fisiere\/anale\/index.php?rest_route=\/wp\/v2\/users\/1"}],"replies":[{"embeddable":true,"href":"https:\/\/elth.ucv.ro\/fisiere\/anale\/index.php?rest_route=%2Fwp%2Fv2%2Fcomments&post=8"}],"version-history":[{"count":236,"href":"https:\/\/elth.ucv.ro\/fisiere\/anale\/index.php?rest_route=\/wp\/v2\/pages\/8\/revisions"}],"predecessor-version":[{"id":1975,"href":"https:\/\/elth.ucv.ro\/fisiere\/anale\/index.php?rest_route=\/wp\/v2\/pages\/8\/revisions\/1975"}],"wp:attachment":[{"href":"https:\/\/elth.ucv.ro\/fisiere\/anale\/index.php?rest_route=%2Fwp%2Fv2%2Fmedia&parent=8"}],"curies":[{"name":"wp","href":"https:\/\/api.w.org\/{rel}","templated":true}]}}